What is the value of 37 + (-4 - (99 - -15))?
-81
(-7 - -2 - (-302 - -289)) + -14
-6
-4 + 4 + -2 + (-28 - (17 + -5)) + 11
-31
What is the value of 10 + (-19 - -18 - (88 + -7) - -12)?
-60
What is the value of (76 - 37 - -9) + -20?
28
What is 0 + 7 + -4 - (76 + -2 + -4 + 6)?
-73
-162 + (-26 + 38 - -94)
-56
What is -15 + (-19 - (-2 - -4 - (48 - 63)))?
-51
Calculate 1 + 16 + 349 + -372 + 15 + 19.
28
What is -2 + 37 + (-25 - -7)?
17
-1 + 52 - (37 + 35 + -80 + 0)
59
What is the value of -248 + 261 - ((1 + -4 - -4) + -20)?
32
Evaluate 0 - -10 - (-19 - (-11 - (24 + 9))).
-15
Calculate -99 + -3 + (-12 + 22 - -3) + 11.
-78
64456 + -64441 + (-1 - -1 - (0 - -40))
-25
What is -2 - (-12 + 14 + -11 + 25 + -8)?
-10
Evaluate 46 + -53 + (14 - -5).
12
What is the value of -1217 - -1201 - (0 - 36) - 55?
-35
Evaluate 2 - 45 - (-3728 + 3597).
88
What is the value of 7 + 2 + 48 - (4 - (11 + 2))?
66
What is the value of (98 - (139 + 15)) + 59?
3
74 + -245 + (182 - 128)
-117
Calculate -134 + 99 - (-29 + 2).
-8
Evaluate 1 - -8 - (9 + (14 - 33)) - 135.
-116
What is 40 - -38 - (-82 + 77 - (0 - 2 - -3))?
84
Evaluate (7 - 22) + (-19 - -1).
-33
-10 + (-9 - -6) - 10 - (3 - 14 - -3)
-15
What is the value of (-127 + 132 - -117) + -158?
-36
Calculate 2 - (3 + 11) - (-3 + 2 + (3 - -2)).
-16
6 - (18 + -2) - (2 - (2 + -8)) - -4
-14
What is 2 + ((6 - -13) + -13 + 10 - 49)?
-31
What is 3 + (1 - (6 + 3)) - (49 + -28)?
-26
What is -9 + (20 - 0) - (17 - 39 - 77)?
110
What is (-71 + 70 - 7) + 28?
20
What is -14 + 16 + 21 - (14 + -12)?
21
What is 265 + -626 + 243 - ((0 - 1) + 17)?
-134
Evaluate (-38 - (117 - 58)) + -1 + 43.
-55
Evaluate (0 - 0) + 1 + -26 + 8 + 87.
70
-14 + 49 + 29 + -27
37
What is the value of 47 - 4 - (8 + (-14 - -1) + (3 - -7))?
38
Calculate 33 - (-38 - (-23 + -10 + 22)).
60
Calculate -96 + (33 - (33 + 10)) + 45.
-61
Evaluate -285 + 328 + -73 + -7.
-37
What is the value of -17 - ((37 + -23 - 14) + -26 + 9)?
0
What is the value of 8 - (-3 - 7 - (1 - 13)) - 61?
-55
What is (1 - 7) + (-10 - -20) + -28 + 19?
-5
-51 + 47 + -102 + (5 - -3)
-98
Calculate -4 + (-1180 - -1172) + (1 + -2 + 3 - -18).
8
What is the value of 7301 + -7322 + -80 + -1?
-102
Evaluate -21 + -21 + 112 + -79 + -51 + 0.
-60
Evaluate 4495 - 4514 - (-16 - 2).
-1
What is the value of 10 + 9 + (103 - 78)?
44
Evaluate (29 - 1) + -177 + (245 - 91).
5
Evaluate -121 + -32 + (27 + 21 - 4).
-109
7 + (53 - 129 - (-6 + (-5 - -5 - -3)))
-66
(40 - -5) + (-28 - (-37 + 8))
46
What is the value of 14 + -1 + (-59 - -1) + (194 - 158) + -28?
-37
What is the value of 1 + 72 - -2 - (107 + -56 + -51)?
75
What is -6 - -1 - (-390 - -166 - -112)?
107
Calculate -1 + -51 - -53 - 0.
1
Calculate (0 - (-5 + (-8 - 0) + (-10 - -28))) + 38.
33
Calculate (41 - 31 - 63) + -17 + 1.
-69
Evaluate -3 - (17 - (-30 + -4 + 0 + -14)).
-68
What is the value of 84 - (106 + (-15 - 59))?
52
Evaluate -19 - (0 - -28 - (12 - (-19 - -45))).
-61
What is the value of -61 - (23 - (-16 + 161))?
61
Calculate (-55 - (-8 + -19)) + 89 + 37.
98
What is the value of 4 - (-8 + 3 + 2) - (-109 + 69)?
47
46 + 0 + (-9 - -16) + (-10 - 0) + 8
51
Evaluate 4 - ((-6 - (-8 + 12)) + 1).
13
What is the value of (11 - -1) + 733 + -737 - -3?
11
What is 6 - (1 + -1) - (82 + -247 - -165)?
6
-68 + (-26 + (18 - 6) - -3) - 8
-87
-42 - (1 + 17 + (-9 - 4) - 13 - 7)
-27
Calculate -64 - ((-3 - 20) + 21 - (14 + -7 + 1)).
-54
What is -493 - -452 - (54 + 2 + -8)?
-89
What is the value of 67 + -9 + 1 - 25?
34
Calculate 16 + -62 + (-80 - -153).
27
What is the value of 1 + 25 - (1202 - 1183) - (-4 - (-5 + -127))?
-121
Evaluate (28 + -5 + -13 - (0 + (5 - -2))) + -56.
-53
Calculate -42 + 37 - 14 - (-23 - -6).
-2
Evaluate 24 - 3 - (21 - 22) - 0.
22
What is 53 + -187 + 214 + -130?
-50
What is (-14 - 44 - -98) + -49?
-9
Calculate -5 + -70 + -26 + 40.
-61
Calculate 112 + -27 - (18 - (26 - 10)).
83
What is the value of 4 + -12 - (-30 + 10 + 17 - -17)?
-22
What is the value of 52 + -64 - (-27 - -2) - (42 - -1)?
-30
Evaluate 253 + -265 - (1 + (-113 + -3 - -5) - 3).
101
Calculate -21 + (1 - -6 - (74 - 54)).
-34
What is -37 - (-1 - (2 + -11) - (-782 - -778)) - 5?
-54
-38 + 57 - (59 - (0 - (18 - 14)))
-44
Evaluate (3 - -30) + 0 + (16 + -11 - 4).
34
(34 - (-1 + 0)) + (24 - ((3 - 31) + 52))
35
What is 1 + -1 - -21 - (6 - (-8 + 33 + -13))?
27
What is the value of (-702 - -680) + (2 + -8 - -2 - (-2 + -14))?
-10
-357 + 352 + (0 + 62 - (21 + -17))
53
-59 + (46 - 39 - 2)
-54
Calculate (6 - 13) + -2 + -11 + 13 - (-49 - -106).
-64
(2 - (0 - (-7 + 4))) + -54 + 54 - 43
-44
What is the value of (5 - 2 - -30) + 2 + (-30 - -12 - -10)?
27
Calculate -11 - (15 + (-120 - 9) + 8).
95
Calculate 5 - ((-11 - 26) + 47 - (0 - -11)).
6
Evaluate -2 + -6 + (-24 - (133 + -135 + (15 - -1))).
-46
What is the value of (109 - (-15 + 55 - 49)) + -3?
115
Evaluate (36 - 55) + (83 - (8 + -3)).
59
What is -63 + 0 - (45 - 58 - (13 + -31)) - 4?
-72
What is -168 - (6 + -209) - (-88 + 2)?
121
(11 - (-10 + 10)) + (-10 - (14 + 51))
-64
Calculate -86 + -7 + 10 + -2 + 16.
-69
What is the value of 33 + 29 - 85 - (27 + -3)?
-47
What is the value of (-36 - (5 + 1)) + (-13 - (-16 + -4) - 5)?
-40
What is 9755 - 9773 - ((2 - 4) + 40)?
-56
(-14 - 2) + (-164 + 56 - -92)
-32
Evaluate (-3 - 11) + 2 + 1 - (-6794 - -6773).
10
Calculate 25 + -84 + 112 + -137.
-84
(10 + -2 - (6 + 5 + -10)) + (-49 - 21)
-63
Evaluate (-109 - -120) + (1 - (38 + -3 + 3)).
-26
What is (-1 + -12 + 15 - 8) + (12 + -9 - 98)?
-101
-24 + 19 + -44 + 7 + 5
-37
(109 - (-76 - -17)) + -77
91
What is the value of 2 + -4 - (-13 - (-41 + 22)) - 4?
-12
What is 21 + (-3 - (-5 - (-17 - 16)))?
-10
82 + (-30 - ((22 - 4) + -20))
54
What is the value of 22 - -17 - (45 + -36 + 97)?
-67
What is (-1 + -5 + -7 - (0 - 4)) + 31 + -9?
13
Evaluate (6 - 73) + 105 + 1 + 7.
46
Calculate 0 + 50 + -51 - ((-25 - 6) + -5).
35
What is the value of (-16 - (-30 - -1) - 6) + 29?
36
What is 11 + (151 - 172 - (-35 - 3))?
28
Evaluate -6 + (2 + 4 - (-29 + 21)) - -9.
17
What is (68 + 45 - 140) + (-1 + 1 - -3)?
-24
(-62 - (-31 - 47)) + -135
-119
-44 - ((-2 - 5) + -2 + (8 - (8 + -7)))
-42
Calculate -89 + (-54 + 121 - -2).
-20
What is the value of -5 - (1 + (-1 - 17) + 15) - (0 + -70)?
67
-47 + (27 - (-13 + 13 - -14)) + -4
-38
What is the value of -54 + 52 + -26 + 48?
20
Calculate 5 + (5 - (-1 + 2) - (16 + -6)) - 28.
-29
Calculate (1 + 5 - (-260 + 228)) + -12.
26
Calculate -12 - (-131 - -5 - (99 + -94)).
119
(13 - -14) + 3 + -6 + -6 + 20
38
What is the value of (1 - -10 - (179 - 114)) + 15?
-39
Calculate 12 + 2 + -45 + 95.
64
Evaluate 119 + -2 - ((108 - 83) + -10).
102
What is 8 + 1 + (-15 - -52) + -40 + 51?
57
What is -11 + 156 + -77 + (14 - 0) + 0 + -5?
77
-18 + (44 - (19 + -16)) + 0
23
What is -13 + (5 - (-5 - 0)) + (-7 - 2)?
-12
Calculate -114 + (24 - (107 + -128)).
-69
50 + -12 + -14 + 3 + 8
35
What is (17 - 3) + -22 + 14 + -5 - (-5 + -32)?
38
Calculate -11 - (2 + -9 + 124 + -130) - (0 - -42).
-40
What is -13 + 33 + (7 - 17 - 5 - -10)?
15
What is the value of 15 - 4 - (-18 + (15 - 0))?
14
What is the value of 57 - (-25 + 16) - 10?
56
Evaluate 80 - (-20 - 4 - -76) - -45.
73
12 + (48 - (32 - -46)) - (22 - 1)
-39
-3 + 1 + 12 - (808 - 795)
-3
What is the value of 4668 + -4598 - (-1 - -129)?
-58
(1 - (-3 - (-8 - (91 + 4)))) + (-4 - -1)
-102
Calculate (70 - (5 + 39)) + 5.
31
Evaluate 6 + (5 - ((12 - 16) + 6)).
9
What is the value of 92 - (-36 + (-74 - -117))?
85
Calculate 2 + 0 - (-62 - -67) - (-4 + -2).
3
Evaluate 7 + 2 + 0 - (32 - (-26 - -7)).
-42
What is the value of (26 - 24) + -36 - 63 - 34?
-131
-12 - ((4 - -1) + -49 + 77)
-45
Evaluate (-32 - (75 - 38)) + 122.
53
What is the value of 3 - 11 - (78 - 127 - 27)?
68
What is 28 + 48 + -100 - (-48 + 0)?
24
What is (-2 - (0 - 27)) + -27 + -49 + 65?
14
What is the value of -32 + (-14 - (51 - 41))?
-56
What is the value of -11 - (2 + -4 + 2 + -4 + (-33 - -42))?
-16
What is -79 + 3 + (9 - 13) + 16?
-64
What is (-14 - (191 - 196 - (168 + 2))) + -17?
144
What is 58 + -17 - (-18 + 89)?
-30
Calculate (-32 + -1 - (-18 + (30 - 24))) + 2.
-19
What is (-8 + 24 - 40) + -7 + -1 + (-3 - -3)?
-32
3 + 3 + 59 + -127
-62
Evaluate 7 - 0 - (-87 + 31 - -40).
23
0 - 19 - (18 + (13 + -28 - 1) - -8)
-29
Calculate (63 - 81 - -51) + -1 + -18.
14
What is (3 + -3 - 4) + 11 - (-3289 + 3339)?
-43
Evaluate (-23 